rime number?
True
Is 10889529317 a prime number?
True
Is 7586431999 a prime number?
False
Is 12709904759 a prime number?
True
Is 8619379387 a composite number?
False
Is 34212549247 a prime number?
True
Is 347090171 a prime number?
False
Is 1044191914 prime?
False
Is 19161984193 prime?
False
Is 2046634247 a composite number?
True
Is 223536667 composite?
False
Is 176312681 a prime number?
True
Is 21049911917 composite?
True
Is 8395400861 composite?
False
Is 2454731203 a composite number?
True
Is 11223842677 a composite number?
False
Is 444743531 a composite number?
True
Is 1037346913 a prime number?
True
Is 280570153 a prime number?
True
Is 1410823277 a composite number?
True
Is 418258501 prime?
True
Is 2390066521 prime?
True
Is 1964986601 a prime number?
False
Is 23169067 composite?
True
Is 1968261591 prime?
False
Is 1186533877 prime?
True
Is 6706524553 a composite number?
True
Is 2227035383 a composite number?
True
Is 959337221 prime?
False
Is 316918543 a prime number?
False
Is 1285324441 composite?
False
Is 3081115039 a prime number?
True
Is 83664953 prime?
False
Is 132643222197 composite?
True
Is 1784829797 a composite number?
False
Is 2823503906 a prime number?
False
Is 1820140633 a composite number?
False
Is 653690699 composite?
True
Is 15895792681 a prime number?
True
Is 17087125103 prime?
True
Is 312922591 composite?
False
Is 364199709539 a composite number?
False
Is 11678208461 prime?
False
Is 280364495 composite?
True
Is 3728021707 a prime number?
True
Is 678349271 a prime number?
True
Is 13185220751 a composite number?
False
Is 15065702629 a composite number?
False
Is 18868478957 composite?
True
Is 705289199 a prime number?
False
Is 16740373537 composite?
False
Is 573285221 prime?
True
Is 358345963 a prime number?
True
Is 21841021603 prime?
True
Is 24262526983 a prime number?
True
Is 124722709939 composite?
False
Is 21763739 composite?
True
Is 6692837651 a prime number?
False
Is 20197132471 prime?
False
Is 4450337041 a composite number?
False
Is 68383801 a composite number?
True
Is 8301068693 a composite number?
True
Is 38122281671 prime?
True
Is 48312905 a prime number?
False
Is 4106393783 a composite number?
True
Is 6433722103 composite?
False
Is 685945837 prime?
False
Is 6085756511 a prime number?
False
Is 3390480953 a composite number?
False
Is 3168207673 a composite number?
True
Is 15897373939 a prime number?
False
Is 4983297343 prime?
True
Is 7454312993 a prime number?
True
Is 385034239 a prime number?
False
Is 991398218 composite?
True
Is 103496363183 prime?
False
Is 12594871 composite?
False
Is 20706464587 composite?
True
Is 29285423353 a prime number?
True
Is 32809464263 a prime number?
False
Is 2994447977 composite?
False
Is 29549696393 a composite number?
True
Is 3039014039 a composite number?
False
Is 226183981 prime?
True
Is 2405131787 a composite number?
False
Is 222391951 prime?
False
Is 980303183 composite?
False
Is 2872017263 a prime number?
True
Is 116816641 a composite number?
False
Is 8667218509 a prime number?
True
Is 477036551 a prime number?
False
Is 22372219409 composite?
True
Is 124900213 a composite number?
False
Is 81175330763 a prime number?
True
Is 36033889 a prime number?
False
Is 25051063277 a composite number?
False
Is 9309069401 composite?
True
Is 2830564817 a composite number?
True
Is 1543591129 a prime number?
False
Is 891243083 a composite number?
True
Is 16680426907 a composite number?
True
Is 150888244967 composite?
False
Is 7332598417 prime?
True
Is 1952500191 a composite number?
True
Is 131603767249 a composite number?
True
Is 8444869031 a prime number?
True
Is 1782412291 prime?
False
Is 771403957 a prime number?
False
Is 93442151521 a composite number?
False
Is 4395035893 composite?
False
Is 2193957347 composite?
False
Is 23210371307 prime?
False
Is 5715454421 a composite number?
True
Is 234984703 a prime number?
False
Is 19788616189 a composite number?
True
Is 1333521127 composite?
True
Is 11865753899 composite?
True
Is 19322468939 a composite number?
False
Is 125426123 prime?
True
Is 6277740169 composite?
False
Is 1728367961 a composite number?
True
Is 29226778653 prime?
False
Is 1349771069 prime?
False
Is 21075009685 composite?
True
Is 578144587 a composite number?
False
Is 592825487 composite?
False
Is 801160429 a prime number?
False
Is 1055806909 a composite number?
True
Is 87153199 a prime number?
False
Is 6566794769 a composite number?
False
Is 3571464667 a composite number?
False
Is 519492047 a composite number?
True
Is 811925111 a prime number?
False
Is 40847472179 composite?
False
Is 1335588209 prime?
True
Is 49146509 a prime number?
True
Is 212990333 composite?
False
Is 3145423061 a composite number?
True
Is 921659399 composite?
True
Is 7585144547 a prime number?
True
Is 344964463 a prime number?
False
Is 1782014317 a prime number?
True
Is 89361943361 a prime number?
True
Is 410089081 composite?
True
Is 1059828613 a composite number?
False
Is 19693820413 a composite number?
True
Is 16047111761 a prime number?
False
Is 138010762003 a prime number?
False
Is 11351779249 composite?
False
Is 607591307 composite?
False
Is 306423673 a prime number?
True
Is 189060323 a composite number?
False
Is 222090040759 a prime number?
True
Is 1364500169 composite?
False
Is 6509009357 composite?
True
Is 2718666359 composite?
False
Is 36721807601 a prime number?
True
Is 22053417049 prime?
True
Is 382592963 composite?
True
Is 1094847599 a prime number?
False
Is 118743974695 composite?
True
Is 785890045 a prime number?
False
Is 17178210857 a prime number?
True
Is 65046908539 a prime number?
False
Is 1868942149 composite?
True
Is 192199067 a composite number?
True
Is 111851801 a prime number?
True
Is 2654970949 prime?
False
Is 4472243773 prime?
True
Is 29895081959 a prime number?
False
Is 10558379359 a prime number?
False
Is 419111397941 a prime number?
True
Is 13961419117 prime?
True
Is 1440583321 composite?
False
Is 1185505801 prime?
False
Is 8206973591 a prime number?
False
Is 53172829033 prime?
True
Is 359074757 a composite number?
True
Is 33775872997 prime?
False
Is 7641739763 composite?
True
Is 199324043 a composite number?
True
Is 448228661 a prime number?
True
Is 445306027 a composite number?
False
Is 853075337 prime?
True
Is 29444704739 a composite number?
True
Is 7612153 composite?
False
Is 17308842049 a prime number?
False
Is 2007128177 a composite number?
False
Is 9028083887 a composite number?
False
Is 11599347161 prime?
False
Is 1114024837 a prime number?
False
Is 516592757 a prime number?
False
Is 81088693019 composite?
False
Is 249408311 composite?
False
Is 2764216189 composite?
True
Is 11306550139 a prime number?
True
Is 549286427 prime?
False
Is 1251388597 a prime number?
True
Is 1176811219 composite?
True
Is 63086663939 a composite number?
True
Is 3103512359 a prime number?
False
Is 29719361477 prime?
False
Is 2434847117 prime?
False
Is 24877363751 composite?
False
Is 1961890681 composite?
False
Is 120150522619 a composite number?
False
Is 646018903 composite?
True
Is 22254801287 a composite number?
True
Is 76329770063 composite?
False
Is 458151269 a prime number?
True
Is 20183568227 a prime number?
True
Is 12178600937 a composite number?
True
Is 220524977 composite?
False
Is 425619349 a prime number?
True
Is 14114509813 a composite number?
False
Is 6400758149 composite?
True
Is 4664228242 prime?
False
Is 1474594477 prime?
True
Is 92011088909 a prime number?
True
Is 38956240439 a prime number?
True
Is 189056050609 a composite number?
False
Is 79524239 a composite number?
True
Is 8554671793 prime?
False
Is 1332951223 a composite number?
True
Is 43794236647 prime?
False
Is 1924280773 a prime number?
True
Is 10275983909 a prime number?
False
Is 496553641 a composite number?
True
Is 48482391803 composite?
False
Is 1010064621 a prime number?
False
Is 9602843059 composite?
False
Is 57382402107 composite?
True
Is 985375078 a prime number?
False
Is 159919888507 a prime number?
True
Is 181118199811 a prime number?
True
Is 3604113167 a prime number?
True
Is 146299763 prime?
False
Is 2983090229 a prime number?
False
Is 1610397493 a prime number?
True
Is 7353979757 a composite number?
False
Is 835084423 a composite number?
False
Is 31493636737 composite?
True
Is 472071569 a prime number?
False
I